{"id":9852,"date":"2022-08-25T10:41:09","date_gmt":"2022-08-25T10:41:09","guid":{"rendered":"https:\/\/amical-mauthausen.org\/?page_id=9852"},"modified":"2022-09-02T12:03:07","modified_gmt":"2022-09-02T12:03:07","slug":"visita-seu-de-lamical","status":"publish","type":"page","link":"https:\/\/amical-mauthausen.org\/ca\/educacio\/visita-seu-de-lamical\/","title":{"rendered":"Visita seu de l\u2019Amical"},"content":{"rendered":"<p><strong>L\u2019Amical de Mauthausen<\/strong> que porta d\u00e8cades treballant per honorar i preservar la mem\u00f2ria dels homes i dones deportats i deportades als camps nazis proposa als centres educatius la visita a la seva seu.<\/p>\n<p>L\u2019objectiu de la visita \u00e9s con\u00e8ixer els or\u00edgens i evoluci\u00f3 d\u2019aquesta entitat, els recursos i fons documentals de que disposa, la seva biblioteca\u2026<\/p>\n<p>Aquesta visita est\u00e0 pensada per a 4t d\u2019ESO, Batxillerat i Escola d\u2019Adults.\u00a0 Per a un m\u00e0xim de 20 persones i amb una durada aprox. de 2 hores.<\/p>\n","protected":false},"excerpt":{"rendered":"<p>L\u2019Amical de Mauthausen que porta d\u00e8cades treballant per honorar i preservar la mem\u00f2ria dels homes i dones deportats i deportades als camps nazis proposa als centres educatius la visita a la seva seu. L\u2019objectiu de la visita \u00e9s con\u00e8ixer els or\u00edgens i evoluci\u00f3 d\u2019aquesta entitat, els recursos i fons documentals de que disposa, la seva biblioteca\u2026 Aquesta visita est\u00e0 pensada per a 4t d\u2019ESO, Batxillerat i Escola d\u2019Adults.\u00a0 Per a un m\u00e0xim de 20 persones i amb una durada aprox. de 2 hores.<\/p>\n","protected":false},"author":1,"featured_media":0,"parent":9788,"menu_order":0,"comment_status":"closed","ping_status":"closed","template":"","meta":{"_acf_changed":false,"footnotes":""},"class_list":["post-9852","page","type-page","status-publish","hentry"],"acf":[],"_links":{"self":[{"href":"https:\/\/amical-mauthausen.org\/ca\/wp-json\/wp\/v2\/pages\/9852","targetHints":{"allow":["GET"]}}],"collection":[{"href":"https:\/\/amical-mauthausen.org\/ca\/wp-json\/wp\/v2\/pages"}],"about":[{"href":"https:\/\/amical-mauthausen.org\/ca\/wp-json\/wp\/v2\/types\/page"}],"author":[{"embeddable":true,"href":"https:\/\/amical-mauthausen.org\/ca\/wp-json\/wp\/v2\/users\/1"}],"replies":[{"embeddable":true,"href":"https:\/\/amical-mauthausen.org\/ca\/wp-json\/wp\/v2\/comments?post=9852"}],"version-history":[{"count":8,"href":"https:\/\/amical-mauthausen.org\/ca\/wp-json\/wp\/v2\/pages\/9852\/revisions"}],"predecessor-version":[{"id":9939,"href":"https:\/\/amical-mauthausen.org\/ca\/wp-json\/wp\/v2\/pages\/9852\/revisions\/9939"}],"up":[{"embeddable":true,"href":"https:\/\/amical-mauthausen.org\/ca\/wp-json\/wp\/v2\/pages\/9788"}],"wp:attachment":[{"href":"https:\/\/amical-mauthausen.org\/ca\/wp-json\/wp\/v2\/media?parent=9852"}],"curies":[{"name":"wp","href":"https:\/\/api.w.org\/{rel}","templated":true}]}}

<p><strong>L’Amical de Mauthausen</strong> que porta dècades treballant per honorar i preservar la memòria dels homes i dones deportats i deportades als camps nazis proposa als centres educatius la visita a la seva seu.</p>
<p>L’objectiu de la visita és conèixer els orígens i evolució d’aquesta entitat, els recursos i fons documentals de que disposa, la seva biblioteca…</p>
<p>Aquesta visita està pensada per a 4t d’ESO, Batxillerat i Escola d’Adults.  Per a un màxim de 20 persones i amb una durada aprox. de 2 hores.</p>

<p>L’Amical de Mauthausen que porta dècades treballant per honorar i preservar la memòria dels homes i dones deportats i deportades als camps nazis proposa als centres educatius la visita a la seva seu. L’objectiu de la visita és conèixer els orígens i evolució d’aquesta entitat, els recursos i fons documentals de que disposa, la seva biblioteca… Aquesta visita està pensada per a 4t d’ESO, Batxillerat i Escola d’Adults.  Per a un màxim de 20 persones i amb una durada aprox. de 2 hores.</p>
