{"id":7528,"date":"2020-09-16T12:44:42","date_gmt":"2020-09-16T12:44:42","guid":{"rendered":"http:\/\/amical-mauthausen.org\/?page_id=7528"},"modified":"2026-03-02T07:32:09","modified_gmt":"2026-03-02T07:32:09","slug":"bases-de-dades","status":"publish","type":"page","link":"https:\/\/amical-mauthausen.org\/ca\/projectes\/bases-de-dades\/","title":{"rendered":"Bases de dades"},"content":{"rendered":"<p>L&#8217;Amical de Mauthausen i altres camps ha realitzat, en col\u00b7laboraci\u00f3 amb diverses institucions, algunes bases de dades.<\/p>\n<p>La que inclou m\u00e9s informaci\u00f3 \u00e9s l&#8217;elaborada conjuntament amb el Memorial Democr\u00e0tic de la Generalitat de Catalunya, sota el t\u00edtol \u201cDeportats catalans i espanyols als camps de concentraci\u00f3 nazis\u201d. Es tracta de la base de dades de deportats m\u00e9s completa de l\u2019Estat amb un total de 9.161 persones deportades registrades, de les quals n\u2019hi ha a l\u2019entorn de 2.000 de catalanes. El Cens \u00e9s el resultat d\u2019un projecte de recerca liderat pel Memorial Democr\u00e0tic amb la col\u00b7laboraci\u00f3 de l\u2019Amical de Mauthausen i altres camps i la Universitat Pompeu Fabra.<\/p>\n<p>Les bases de dades &#8220;Fallecidos en los campos nazis&#8221;, &#8220;Barcelonins deportats&#8221; i &#8220;Aragoneses deportados&#8221; contenen informaci\u00f3 espec\u00edfica sobre diferents \u00e0mbits tal com els seus noms indiquen . Han estat elaborades amb la col\u00b7laboraci\u00f3 respectivament del Ministerio de la Presidencia, l&#8217;Ajuntament de Barcelona i el Govern de l&#8217;Arag\u00f3.<\/p>\n","protected":false},"excerpt":{"rendered":"<p>L&#8217;Amical de Mauthausen i altres camps ha realitzat, en col\u00b7laboraci\u00f3 amb diverses institucions, algunes bases de dades. La que inclou m\u00e9s informaci\u00f3 \u00e9s l&#8217;elaborada conjuntament amb el Memorial Democr\u00e0tic de la Generalitat de Catalunya, sota el t\u00edtol \u201cDeportats catalans i espanyols als camps de concentraci\u00f3 nazis\u201d. Es tracta de la base de dades de deportats m\u00e9s completa de l\u2019Estat amb un total de 9.161 persones deportades registrades, de les quals n\u2019hi ha a l\u2019entorn de 2.000 de catalanes. El Cens \u00e9s el resultat d\u2019un projecte de recerca liderat pel Memorial Democr\u00e0tic amb la col\u00b7laboraci\u00f3 de l\u2019Amical de Mauthausen i altres camps i la Universitat Pompeu Fabra. Les bases de dades &hellip; <a href=\"https:\/\/amical-mauthausen.org\/ca\/projectes\/bases-de-dades\/\" class=\"more-link\">Continua la lectura de <span class=\"screen-reader-text\">Bases de dades<\/span> <span class=\"meta-nav\">&rarr;<\/span><\/a><\/p>\n","protected":false},"author":1,"featured_media":0,"parent":3255,"menu_order":0,"comment_status":"closed","ping_status":"closed","template":"page-projectes.php","meta":{"_acf_changed":false,"footnotes":""},"class_list":["post-7528","page","type-page","status-publish","hentry"],"acf":[],"_links":{"self":[{"href":"https:\/\/amical-mauthausen.org\/ca\/wp-json\/wp\/v2\/pages\/7528","targetHints":{"allow":["GET"]}}],"collection":[{"href":"https:\/\/amical-mauthausen.org\/ca\/wp-json\/wp\/v2\/pages"}],"about":[{"href":"https:\/\/amical-mauthausen.org\/ca\/wp-json\/wp\/v2\/types\/page"}],"author":[{"embeddable":true,"href":"https:\/\/amical-mauthausen.org\/ca\/wp-json\/wp\/v2\/users\/1"}],"replies":[{"embeddable":true,"href":"https:\/\/amical-mauthausen.org\/ca\/wp-json\/wp\/v2\/comments?post=7528"}],"version-history":[{"count":27,"href":"https:\/\/amical-mauthausen.org\/ca\/wp-json\/wp\/v2\/pages\/7528\/revisions"}],"predecessor-version":[{"id":11961,"href":"https:\/\/amical-mauthausen.org\/ca\/wp-json\/wp\/v2\/pages\/7528\/revisions\/11961"}],"up":[{"embeddable":true,"href":"https:\/\/amical-mauthausen.org\/ca\/wp-json\/wp\/v2\/pages\/3255"}],"wp:attachment":[{"href":"https:\/\/amical-mauthausen.org\/ca\/wp-json\/wp\/v2\/media?parent=7528"}],"curies":[{"name":"wp","href":"https:\/\/api.w.org\/{rel}","templated":true}]}}

<p>L&#8217;Amical de Mauthausen i altres camps ha realitzat, en col·laboració amb diverses institucions, algunes bases de dades.</p>
<p>La que inclou més informació és l&#8217;elaborada conjuntament amb el Memorial Democràtic de la Generalitat de Catalunya, sota el títol “Deportats catalans i espanyols als camps de concentració nazis”. Es tracta de la base de dades de deportats més completa de l’Estat amb un total de 9.161 persones deportades registrades, de les quals n’hi ha a l’entorn de 2.000 de catalanes. El Cens és el resultat d’un projecte de recerca liderat pel Memorial Democràtic amb la col·laboració de l’Amical de Mauthausen i altres camps i la Universitat Pompeu Fabra.</p>
<p>Les bases de dades &#8220;Fallecidos en los campos nazis&#8221;, &#8220;Barcelonins deportats&#8221; i &#8220;Aragoneses deportados&#8221; contenen informació específica sobre diferents àmbits tal com els seus noms indiquen . Han estat elaborades amb la col·laboració respectivament del Ministerio de la Presidencia, l&#8217;Ajuntament de Barcelona i el Govern de l&#8217;Aragó.</p>

<p>L&#8217;Amical de Mauthausen i altres camps ha realitzat, en col·laboració amb diverses institucions, algunes bases de dades. La que inclou més informació és l&#8217;elaborada conjuntament amb el Memorial Democràtic de la Generalitat de Catalunya, sota el títol “Deportats catalans i espanyols als camps de concentració nazis”. Es tracta de la base de dades de deportats més completa de l’Estat amb un total de 9.161 persones deportades registrades, de les quals n’hi ha a l’entorn de 2.000 de catalanes. El Cens és el resultat d’un projecte de recerca liderat pel Memorial Democràtic amb la col·laboració de l’Amical de Mauthausen i altres camps i la Universitat Pompeu Fabra. Les bases de dades &hellip; <a href="https://amical-mauthausen.org/ca/projectes/bases-de-dades/" class="more-link">Continua la lectura de <span class="screen-reader-text">Bases de dades</span> <span class="meta-nav">&rarr;</span></a></p>
