{"id":3006,"date":"2017-02-24T12:16:23","date_gmt":"2017-02-24T12:16:23","guid":{"rendered":"http:\/\/amicalweb.propla.net\/?page_id=3006"},"modified":"2022-06-20T10:57:10","modified_gmt":"2022-06-20T10:57:10","slug":"exposicions","status":"publish","type":"page","link":"https:\/\/amical-mauthausen.org\/ca\/serveis\/exposicions\/","title":{"rendered":"Exposicions"},"content":{"rendered":"<p>Un dels objectius fonamentals de la nostra Associaci\u00f3 \u00e9s la divulgaci\u00f3 del coneixement sobre la realitat de la deportaci\u00f3 i l\u2019internament en els camps de concentraci\u00f3 i extermini del Tercer Reich de milions de persones al m\u00f3n i entre elles milers de republicans\/es espanyols\/es. \u00c9s per aquest motiu que al llarg dels anys una de les activitats difusores que des de l\u2019Amical s\u2019ha vingut fent \u00e9s la de produir exposicions que amb una clara voluntat pedag\u00f2gica acosten a la societat amb el nostre passat m\u00e9s recent.<br \/>\nLes exposicions s\u00f3n de car\u00e0cter itinerant i poden ser sol\u00b7licitades per totes aquelles institucions, entitats culturals i educatives i associacions que vulguin programar dins de les seves activitats un espai per a la mem\u00f2ria de la deportaci\u00f3.<\/p>\n<p>Les exposicions de l&#8217;Amical estan a disposici\u00f3 de totes aquelles institucions, entitats i associacions interessades en la seva exhibici\u00f3.<\/p>\n","protected":false},"excerpt":{"rendered":"<p>Un dels objectius fonamentals de la nostra Associaci\u00f3 \u00e9s la divulgaci\u00f3 del coneixement sobre la realitat de la deportaci\u00f3 i l\u2019internament en els camps de concentraci\u00f3 i extermini del Tercer Reich de milions de persones al m\u00f3n i entre elles milers de republicans\/es espanyols\/es. \u00c9s per aquest motiu que al llarg dels anys una de les activitats difusores que des de l\u2019Amical s\u2019ha vingut fent \u00e9s la de produir exposicions que amb una clara voluntat pedag\u00f2gica acosten a la societat amb el nostre passat m\u00e9s recent. Les exposicions s\u00f3n de car\u00e0cter itinerant i poden ser sol\u00b7licitades per totes aquelles institucions, entitats culturals i educatives i associacions que vulguin programar dins &hellip; <a href=\"https:\/\/amical-mauthausen.org\/ca\/serveis\/exposicions\/\" class=\"more-link\">Continua la lectura de <span class=\"screen-reader-text\">Exposicions<\/span> <span class=\"meta-nav\">&rarr;<\/span><\/a><\/p>\n","protected":false},"author":1,"featured_media":0,"parent":2908,"menu_order":0,"comment_status":"closed","ping_status":"closed","template":"page-exposicions.php","meta":{"_acf_changed":false,"footnotes":""},"class_list":["post-3006","page","type-page","status-publish","hentry"],"acf":[],"_links":{"self":[{"href":"https:\/\/amical-mauthausen.org\/ca\/wp-json\/wp\/v2\/pages\/3006","targetHints":{"allow":["GET"]}}],"collection":[{"href":"https:\/\/amical-mauthausen.org\/ca\/wp-json\/wp\/v2\/pages"}],"about":[{"href":"https:\/\/amical-mauthausen.org\/ca\/wp-json\/wp\/v2\/types\/page"}],"author":[{"embeddable":true,"href":"https:\/\/amical-mauthausen.org\/ca\/wp-json\/wp\/v2\/users\/1"}],"replies":[{"embeddable":true,"href":"https:\/\/amical-mauthausen.org\/ca\/wp-json\/wp\/v2\/comments?post=3006"}],"version-history":[{"count":17,"href":"https:\/\/amical-mauthausen.org\/ca\/wp-json\/wp\/v2\/pages\/3006\/revisions"}],"predecessor-version":[{"id":9719,"href":"https:\/\/amical-mauthausen.org\/ca\/wp-json\/wp\/v2\/pages\/3006\/revisions\/9719"}],"up":[{"embeddable":true,"href":"https:\/\/amical-mauthausen.org\/ca\/wp-json\/wp\/v2\/pages\/2908"}],"wp:attachment":[{"href":"https:\/\/amical-mauthausen.org\/ca\/wp-json\/wp\/v2\/media?parent=3006"}],"curies":[{"name":"wp","href":"https:\/\/api.w.org\/{rel}","templated":true}]}}

<p>Un dels objectius fonamentals de la nostra Associació és la divulgació del coneixement sobre la realitat de la deportació i l’internament en els camps de concentració i extermini del Tercer Reich de milions de persones al món i entre elles milers de republicans/es espanyols/es. És per aquest motiu que al llarg dels anys una de les activitats difusores que des de l’Amical s’ha vingut fent és la de produir exposicions que amb una clara voluntat pedagògica acosten a la societat amb el nostre passat més recent.<br />
Les exposicions són de caràcter itinerant i poden ser sol·licitades per totes aquelles institucions, entitats culturals i educatives i associacions que vulguin programar dins de les seves activitats un espai per a la memòria de la deportació.</p>
<p>Les exposicions de l&#8217;Amical estan a disposició de totes aquelles institucions, entitats i associacions interessades en la seva exhibició.</p>

<p>Un dels objectius fonamentals de la nostra Associació és la divulgació del coneixement sobre la realitat de la deportació i l’internament en els camps de concentració i extermini del Tercer Reich de milions de persones al món i entre elles milers de republicans/es espanyols/es. És per aquest motiu que al llarg dels anys una de les activitats difusores que des de l’Amical s’ha vingut fent és la de produir exposicions que amb una clara voluntat pedagògica acosten a la societat amb el nostre passat més recent. Les exposicions són de caràcter itinerant i poden ser sol·licitades per totes aquelles institucions, entitats culturals i educatives i associacions que vulguin programar dins &hellip; <a href="https://amical-mauthausen.org/ca/serveis/exposicions/" class="more-link">Continua la lectura de <span class="screen-reader-text">Exposicions</span> <span class="meta-nav">&rarr;</span></a></p>
