{"id":22,"date":"2017-02-17T08:57:01","date_gmt":"2017-02-17T08:57:01","guid":{"rendered":"http:\/\/amicalweb.propla.net\/?page_id=22"},"modified":"2022-06-20T09:57:25","modified_gmt":"2022-06-20T09:57:25","slug":"missio-valors-i-historia","status":"publish","type":"page","link":"https:\/\/amical-mauthausen.org\/ca\/missio-valors-i-historia\/","title":{"rendered":"Missi\u00f3, valors i hist\u00f2ria"},"content":{"rendered":"<p>L\u2019Amical de Mauthausen i altres camps i de totes les v\u00edctimes del nazisme d\u2019Espanya, \u00e9s l\u2019associaci\u00f3 que agrupa als exdeportats republicans dels camps de concentraci\u00f3 nazis, aix\u00ed com els familiars i amics, tant dels supervivents com dels deportats assassinats als camps.<\/p>\n<p>L\u2019Amical de Mauthausen i altres camps representa als deportats d\u2019aquest camp austr\u00edac i de tots els camps del III Reich, tot i que l\u2019associaci\u00f3 pren el nom de Mauthausen pel fet de ser el camp on van ser deportats m\u00e9s espanyols.<\/p>\n<p>L\u2019Amical agrupa i representa a deportats de tota Espanya, t\u00e9 la seva seu a Barcelona i delegacions a Andalusia, Arag\u00f3, la Comunitat Valenciana, Euskadi, Extremadura, Madrid i la Regi\u00f3 de M\u00farcia.<\/p>\n<p>\u00c9s l\u2019objectiu d\u2019aquesta associaci\u00f3 treballar a favor de la mem\u00f2ria de tots i totes aquells\/es que van viure i lluitar durant la guerra civil abans de passar la frontera catalano-francesa, cap a l\u2019exili, i m\u00e9s tard van patir deportaci\u00f3 als camps nazis. L\u2019Amical col\u00b7labora i impulsa actuacions a tot l\u2019Estat espanyol, amb socis col\u00b7laboradors a tot el territori.<\/p>\n<p>L\u2019Amical mant\u00e9 vincles i col\u00b7labora tamb\u00e9 amb institucions i entitats de l&#8217;estranger i del nostre pa\u00eds, que tenen una hist\u00f2ria i una finalitat similars, especialment amicals i memorials dels camps de concentraci\u00f3 i associacions memorial\u00edstiques.<\/p>\n<h2 class=\"titol\"><strong>FUNDACI\u00d3<\/strong><\/h2>\n<div class=\"titol\">L\u2019Amical va ser fundada el 1962 per exdeportats i familiars per agrupar v\u00eddues i orfes i\u00a0 donar suport a tots els deportats que havien tornat de l\u2019exili i que no disposaven a Espanya d\u2019una associaci\u00f3 d\u2019aquest tipus, i que s\u00ed havien trobat a Fran\u00e7a, on molts espanyols a l\u2019exili s\u2019havien integrat a la Amicale des D\u00e9port\u00e9s, Familles et Amis de Mauthausen o a la Federaci\u00f3n Espa\u00f1ola de Deportados e Internados Pol\u00edticos fundada a Toulouse el 1947. Actualment molts dels nostres socis formen part al mateix temps de l\u2019Amicale francesa, entitat amb la qual col\u00b7laborem ass\u00edduament.<\/div>\n<div class=\"titol\"><\/div>\n<div class=\"titol\">Amb dos intents frustrats de legalitzaci\u00f3 el 1963 i el 1967, l\u2019Amical es va veure obligada a treballar en la clandestinitat fins al final de la dictadura franquista, per la qual cosa les seves activitats es van veure molt limitades. En aquest per\u00edode, la tasca principal de l\u2019associaci\u00f3 va consistir a localitzar supervivents i familiars de les v\u00edctimes, assessorar-los sobre les indemnitzacions que donava Alemanya, organitzar viatges a Mauthausen i, en la mesura del possible, dur a terme activitats divulgatives.<\/div>\n<div class=\"titol\"><\/div>\n<div class=\"titol\">\n<h2 class=\"titol\"><strong>LEGALITZACI\u00d3<\/strong><\/h2>\n<p>A partir de la legalitzaci\u00f3, que no va arribar fins al 1978, es va iniciar una nova etapa de forta activitat divulgativa. Aquesta etapa va coincidir amb la publicaci\u00f3 de la important obra de Montserrat Roig <em>Els catalans als camps nazis<\/em>, que va treure a la llum p\u00fablica una hist\u00f2ria fins aquell moment pr\u00e0cticament ignorada: la dels aproximadament 10.000 republicans espanyols, exiliats a Fran\u00e7a, que van ser enviats pels nazis als camps de concentraci\u00f3 o obligats a realitzar treballs for\u00e7ats dins l\u2019organitzaci\u00f3 TODT.<\/p>\n<p>Va ser aleshores quan van comen\u00e7ar tamb\u00e9 els primers i t\u00edmids actes de reconeixement institucional, despr\u00e9s que, a la reuni\u00f3 del Comit\u00e8 Internacional de Mauthausen celebrada a Barcelona el 1979 amb representants de 18 nacions, es va decidir promoure l\u2019aixecament de monuments a la deportaci\u00f3 a pobles de tot Espanya. L\u2019impuls o participaci\u00f3 en tots aquells actes d\u2019homenatge en municipis i Comunitats Aut\u00f2nomes als deportats i les deportades d\u2019arreu de l\u2019estat, ja es tracti d\u2019homenatges individuals o col\u00b7lectius, segueix sent avui dia una de les activitats b\u00e0siques de l\u2019associaci\u00f3.<\/p>\n<p>El 2018 es va editar un v\u00eddeo commemoratiu amb motiu del 40\u00e8 aniversari de la legalitzaci\u00f3.<\/p>\n<\/div>\n","protected":false},"excerpt":{"rendered":"<p>L\u2019Amical de Mauthausen i altres camps i de totes les v\u00edctimes del nazisme d\u2019Espanya, \u00e9s l\u2019associaci\u00f3 que agrupa als exdeportats republicans dels camps de concentraci\u00f3 nazis, aix\u00ed com els familiars i amics, tant dels supervivents com dels deportats assassinats als camps. L\u2019Amical de Mauthausen i altres camps representa als deportats d\u2019aquest camp austr\u00edac i de tots els camps del III Reich, tot i que l\u2019associaci\u00f3 pren el nom de Mauthausen pel fet de ser el camp on van ser deportats m\u00e9s espanyols. L\u2019Amical agrupa i representa a deportats de tota Espanya, t\u00e9 la seva seu a Barcelona i delegacions a Andalusia, Arag\u00f3, la Comunitat Valenciana, Euskadi, Extremadura, Madrid i la &hellip; <a href=\"https:\/\/amical-mauthausen.org\/ca\/missio-valors-i-historia\/\" class=\"more-link\">Continua la lectura de <span class=\"screen-reader-text\">Missi\u00f3, valors i hist\u00f2ria<\/span> <span class=\"meta-nav\">&rarr;<\/span><\/a><\/p>\n","protected":false},"author":1,"featured_media":0,"parent":0,"menu_order":0,"comment_status":"closed","ping_status":"closed","template":"page.php","meta":{"_acf_changed":false,"footnotes":""},"class_list":["post-22","page","type-page","status-publish","hentry"],"acf":[],"_links":{"self":[{"href":"https:\/\/amical-mauthausen.org\/ca\/wp-json\/wp\/v2\/pages\/22","targetHints":{"allow":["GET"]}}],"collection":[{"href":"https:\/\/amical-mauthausen.org\/ca\/wp-json\/wp\/v2\/pages"}],"about":[{"href":"https:\/\/amical-mauthausen.org\/ca\/wp-json\/wp\/v2\/types\/page"}],"author":[{"embeddable":true,"href":"https:\/\/amical-mauthausen.org\/ca\/wp-json\/wp\/v2\/users\/1"}],"replies":[{"embeddable":true,"href":"https:\/\/amical-mauthausen.org\/ca\/wp-json\/wp\/v2\/comments?post=22"}],"version-history":[{"count":17,"href":"https:\/\/amical-mauthausen.org\/ca\/wp-json\/wp\/v2\/pages\/22\/revisions"}],"predecessor-version":[{"id":9711,"href":"https:\/\/amical-mauthausen.org\/ca\/wp-json\/wp\/v2\/pages\/22\/revisions\/9711"}],"wp:attachment":[{"href":"https:\/\/amical-mauthausen.org\/ca\/wp-json\/wp\/v2\/media?parent=22"}],"curies":[{"name":"wp","href":"https:\/\/api.w.org\/{rel}","templated":true}]}}

Missió, valors i història

<p>L’Amical de Mauthausen i altres camps i de totes les víctimes del nazisme d’Espanya, és l’associació que agrupa als exdeportats republicans dels camps de concentració nazis, així com els familiars i amics, tant dels supervivents com dels deportats assassinats als camps.</p>
<p>L’Amical de Mauthausen i altres camps representa als deportats d’aquest camp austríac i de tots els camps del III Reich, tot i que l’associació pren el nom de Mauthausen pel fet de ser el camp on van ser deportats més espanyols.</p>
<p>L’Amical agrupa i representa a deportats de tota Espanya, té la seva seu a Barcelona i delegacions a Andalusia, Aragó, la Comunitat Valenciana, Euskadi, Extremadura, Madrid i la Regió de Múrcia.</p>
<p>És l’objectiu d’aquesta associació treballar a favor de la memòria de tots i totes aquells/es que van viure i lluitar durant la guerra civil abans de passar la frontera catalano-francesa, cap a l’exili, i més tard van patir deportació als camps nazis. L’Amical col·labora i impulsa actuacions a tot l’Estat espanyol, amb socis col·laboradors a tot el territori.</p>
<p>L’Amical manté vincles i col·labora també amb institucions i entitats de l&#8217;estranger i del nostre país, que tenen una història i una finalitat similars, especialment amicals i memorials dels camps de concentració i associacions memorialístiques.</p>
<h2 class="titol"><strong>FUNDACIÓ</strong></h2>
<div class="titol">L’Amical va ser fundada el 1962 per exdeportats i familiars per agrupar vídues i orfes i  donar suport a tots els deportats que havien tornat de l’exili i que no disposaven a Espanya d’una associació d’aquest tipus, i que sí havien trobat a França, on molts espanyols a l’exili s’havien integrat a la Amicale des Déportés, Familles et Amis de Mauthausen o a la Federación Española de Deportados e Internados Políticos fundada a Toulouse el 1947. Actualment molts dels nostres socis formen part al mateix temps de l’Amicale francesa, entitat amb la qual col·laborem assíduament.</div>
<div class="titol"></div>
<div class="titol">Amb dos intents frustrats de legalització el 1963 i el 1967, l’Amical es va veure obligada a treballar en la clandestinitat fins al final de la dictadura franquista, per la qual cosa les seves activitats es van veure molt limitades. En aquest període, la tasca principal de l’associació va consistir a localitzar supervivents i familiars de les víctimes, assessorar-los sobre les indemnitzacions que donava Alemanya, organitzar viatges a Mauthausen i, en la mesura del possible, dur a terme activitats divulgatives.</div>
<div class="titol"></div>
<div class="titol">
<h2 class="titol"><strong>LEGALITZACIÓ</strong></h2>
<p>A partir de la legalització, que no va arribar fins al 1978, es va iniciar una nova etapa de forta activitat divulgativa. Aquesta etapa va coincidir amb la publicació de la important obra de Montserrat Roig <em>Els catalans als camps nazis</em>, que va treure a la llum pública una història fins aquell moment pràcticament ignorada: la dels aproximadament 10.000 republicans espanyols, exiliats a França, que van ser enviats pels nazis als camps de concentració o obligats a realitzar treballs forçats dins l’organització TODT.</p>
<p>Va ser aleshores quan van començar també els primers i tímids actes de reconeixement institucional, després que, a la reunió del Comitè Internacional de Mauthausen celebrada a Barcelona el 1979 amb representants de 18 nacions, es va decidir promoure l’aixecament de monuments a la deportació a pobles de tot Espanya. L’impuls o participació en tots aquells actes d’homenatge en municipis i Comunitats Autònomes als deportats i les deportades d’arreu de l’estat, ja es tracti d’homenatges individuals o col·lectius, segueix sent avui dia una de les activitats bàsiques de l’associació.</p>
<p>El 2018 es va editar un vídeo commemoratiu amb motiu del 40è aniversari de la legalització.</p>
</div>

<p>L’Amical de Mauthausen i altres camps i de totes les víctimes del nazisme d’Espanya, és l’associació que agrupa als exdeportats republicans dels camps de concentració nazis, així com els familiars i amics, tant dels supervivents com dels deportats assassinats als camps. L’Amical de Mauthausen i altres camps representa als deportats d’aquest camp austríac i de tots els camps del III Reich, tot i que l’associació pren el nom de Mauthausen pel fet de ser el camp on van ser deportats més espanyols. L’Amical agrupa i representa a deportats de tota Espanya, té la seva seu a Barcelona i delegacions a Andalusia, Aragó, la Comunitat Valenciana, Euskadi, Extremadura, Madrid i la &hellip; <a href="https://amical-mauthausen.org/ca/missio-valors-i-historia/" class="more-link">Continua la lectura de <span class="screen-reader-text">Missió, valors i història</span> <span class="meta-nav">&rarr;</span></a></p>
